s the remainder when 8267 is divided by 212?
211
What is the remainder when 149 is divided by 50?
49
What is the remainder when 231 is divided by 71?
18
What is the remainder when 829 is divided by 611?
218
What is the remainder when 692 is divided by 77?
76
What is the remainder when 788 is divided by 113?
110
What is the remainder when 84 is divided by 43?
41
Calculate the remainder when 17779 is divided by 127.
126
Calculate the remainder when 103 is divided by 6.
1
Calculate the remainder when 6345 is divided by 2115.
0
Calculate the remainder when 8857 is divided by 20.
17
What is the remainder when 212 is divided by 44?
36
Calculate the remainder when 537 is divided by 45.
42
Calculate the remainder when 2009 is divided by 24.
17
Calculate the remainder when 252 is divided by 51.
48
What is the remainder when 1469 is divided by 36?
29
What is the remainder when 3 is divided by 3?
0
What is the remainder when 527 is divided by 64?
15
What is the remainder when 550 is divided by 264?
22
What is the remainder when 386 is divided by 256?
130
Calculate the remainder when 203 is divided by 55.
38
What is the remainder when 227 is divided by 18?
11
What is the remainder when 724 is divided by 359?
6
What is the remainder when 273 is divided by 11?
9
Calculate the remainder when 457 is divided by 71.
31
What is the remainder when 573 is divided by 32?
29
What is the remainder when 414 is divided by 14?
8
What is the remainder when 67 is divided by 32?
3
Calculate the remainder when 1116 is divided by 34.
28
What is the remainder when 1747 is divided by 174?
7
Calculate the remainder when 338 is divided by 17.
15
What is the remainder when 2184 is divided by 27?
24
What is the remainder when 418 is divided by 18?
4
What is the remainder when 13594 is divided by 12?
10
What is the remainder when 13 is divided by 5?
3
What is the remainder when 416 is divided by 143?
130
Calculate the remainder when 6915 is divided by 346.
341
Calculate the remainder when 51 is divided by 25.
1
Calculate the remainder when 317 is divided by 54.
47
Calculate the remainder when 2847 is divided by 31.
26
Calculate the remainder when 43 is divided by 11.
10
What is the remainder when 206 is divided by 52?
50
What is the remainder when 203 is divided by 10?
3
What is the remainder when 52 is divided by 21?
10
Calculate the remainder when 86 is divided by 14.
2
What is the remainder when 102 is divided by 79?
23
Calculate the remainder when 718 is divided by 30.
28
What is the remainder when 39 is divided by 18?
3
Calculate the remainder when 114 is divided by 60.
54
What is the remainder when 84 is divided by 18?
12
Calculate the remainder when 16 is divided by 11.
5
What is the remainder when 140 is divided by 47?
46
What is the remainder when 142 is divided by 6?
4
What is the remainder when 141 is divided by 38?
27
What is the remainder when 171 is divided by 7?
3
What is the remainder when 3480 is divided by 3460?
20
Calculate the remainder when 201 is divided by 39.
6
What is the remainder when 1234 is divided by 248?
242
Calculate the remainder when 453 is divided by 133.
54
Calculate the remainder when 2032 is divided by 36.
16
What is the remainder when 339 is divided by 91?
66
Calculate the remainder when 265 is divided by 4.
1
Calculate the remainder when 4849 is divided by 147.
145
Calculate the remainder when 755 is divided by 192.
179
Calculate the remainder when 334 is divided by 156.
22
What is the remainder when 137 is divided by 14?
11
Calculate the remainder when 127 is divided by 17.
8
Calculate the remainder when 38 is divided by 1.
0
Calculate the remainder when 19895 is divided by 24.
23
Calculate the remainder when 68 is divided by 33.
2
Calculate the remainder when 48 is divided by 25.
23
What is the remainder when 1230 is divided by 27?
15
Calculate the remainder when 344 is divided by 118.
108
Calculate the remainder when 23 is divided by 18.
5
Calculate the remainder when 93 is divided by 23.
1
What is the remainder when 262 is divided by 44?
42
What is the remainder when 1112 is divided by 21?
20
Calculate the remainder when 589 is divided by 33.
28
What is the remainder when 1168 is divided by 287?
20
What is the remainder when 3884 is divided by 23?
20
Calculate the remainder when 326 is divided by 8.
6
Calculate the remainder when 263 is divided by 48.
23
What is the remainder when 285 is divided by 134?
17
What is the remainder when 356 is divided by 210?
146
Calculate the remainder when 10698 is divided by 3561.
15
Calculate the remainder when 405 is divided by 11.
9
What is the remainder when 2971 is divided by 213?
202
Calculate the remainder when 1741 is divided by 346.
11
What is the remainder when 1966 is divided by 43?
31
Calculate the remainder when 89 is divided by 30.
29
What is the remainder when 1258 is divided by 97?
94
What is the remainder when 6191 is divided by 16?
15
Calculate the remainder when 909 is divided by 104.
77
Calculate the remainder when 3585 is divided by 17.
15
What is the remainder when 2241 is divided by 132?
129
Calculate the remainder when 8707 is divided by 132.
127
What is the remainder when 463 is divided by 126?
85
Calculate the remainder when 2042 is divided by 1018.
6
What is the remainder when 3402 is divided by 74?
72
Calculate the remainder when 2291 is divided by 2287.
4
What is the remainder when 112 is divided by 31?
19
What is the remainder when 88 is divided by 15?
13
What is the remainder when 376 is divided by 66?
46
Calculate the remainder when 2247 is divided by 15.
12
Calculate the remainder when 618 is divided by 234.
150
What is the remainder when 198 is divided by 44?
22
What is the remainder when 733 is divided by 255?
223
What is the remainder when 1270 is divided by 212?
210
What is the remainder when 112 is divided by 25?
12
What is the remainder when 2439 is divided by 10?
9
Calculate the remainder when 681 is divided by 19.
16
Calculate the remainder when 1446 is divided by 33.
27
What is the remainder when 296 is divided by 83?
47
What is the remainder when 12597 is divided by 140?
137
Calculate the remainder when 178 is divided by 154.
24
Calculate the remainder when 1218 is divided by 72.
66
Calculate the remainder when 298 is divided by 89.
31
What is the remainder when 966 is divided by 70?
56
Calculate the remainder when 158 is divided by 61.
36
What is the remainder when 238 is divided by 33?
7
What is the remainder when 85539 is divided by 94?
93
What is the remainder when 200 is divided by 51?
47
Calculate the remainder when 1667 is divided by 38.
33
Calculate the remainder when 22 is divided by 5.
2
Calculate the remainder when 230 is divided by 17.
9
Calculate the remainder when 10499 is divided by 2623.
7
What is the remainder when 275 is divided by 28?
23
What is the remainder when 278 is divided by 132?
14
What is the remainder when 7368 is divided by 117?
114
What is the remainder when 215 is divided by 188?
27
Calculate the remainder when 764 is divided by 21.
8
What is the remainder when 139 is divided by 24?
19
Calculate the remainder when 624 is divided by 69.
3
Calculate the remainder when 107 is divided by 44.
19
Calculate the remainder when 40514 is divided by 5.
4
Calculate the remainder when 362 is divided by 7.
5
What is the remainder when 616 is divided by 103?
101
Calculate the remainder when 1289 is divided by 34.
31
What is the remainder when 191 is divided by 27?
2
What is the remainder when 803 is divided by 35?
33
What is the remainder when 996 is divided by 990?
6
Calculate the remainder when 346 is divided by 56.
10
What is the remainder when 158 is divided by 34?
22
Calculate the remainder when 226 is divided by 80.
66
What is the remainder when 187 is divided by 12?
7
What is the remainder when 877 is divided by 22?
19
What is the remainder when 1647 is divided by 122?
61
Calculate the remainder when 80 is divided by 37.
6
Calculate the remainder when 634 is divided by 140.
74
What is the remainder when 19 is divided by 19?
0
What is the remainder when 60 is divided by 23?
14
Calculate the remainder when 55 is divided by 30.
25
What is the remainder when 223 is divided by 78?
67
What is the remainder when 531 is divided by 161?
48
Calc